se 0 + n = 3*t. Determine p(t).
5
Suppose 2*t = 5*s + 22, -2*s + 4*s = -4*t + 20. Let v be ((-8)/t)/((-1)/(-3)). Let l(b) = -b**2 - 3*b + 4. Calculate l(v).
0
Let g(h) = -3*h - 3. Let a be g(-3). Suppose -4*b = 2*l, -2*b + 4 = -3*l - a*b. Let y be (-2)/l + 14/4. Let j(w) = w**3 - 4*w**2 + 2*w + 1. Give j(y).
9
Let v(i) be the second derivative of i**5/20 - i**4/4 + 2*i**3/3 - 3*i**2/2 - 43*i. Calculate v(3).
9
Let y(s) be the second derivative of s**5/20 + 2*s**4/3 + 7*s**3/6 - 3*s**2 - 37*s. Calculate y(-7).
-6
Let q be 3/4*(-5 - (-1 + 4)). Let v(g) = -g**3 - 7*g**2 - 6*g - 9. What is v(q)?
-9
Let r = 1 + 2. Let c(p) = 2 - 7 + p**2 + 4 - 6 + r*p. Let z be c(-5). Let b(u) = u**3 - 3*u**2 + 3*u - 3. What is b(z)?
6
Suppose -4*r + 12 = 36. Let g = -7 - r. Let c(z) = z**2 + z. Give c(g).
0
Let r(h) be the first derivative of h**5/20 - h**4/6 + h**3/3 + h**2/2 + 3. Let i(q) be the second derivative of r(q). What is i(2)?
6
Let r(p) = -p - 6. Let b be r(-9). Let x(h) = -h**2 + 5*h - 1. Let v be x(5). Let w = v + b. Let s(u) = -2*u - 2. What is s(w)?
-6
Let n(b) = 7*b**3 - 2*b - 1. Suppose -4*w = w + 10. Let y = 2 + w. Suppose y*k = k + 1. Give n(k).
-6
Let z(h) = h**2 - 3*h - 1. Let k(j) = -j**3 - 2*j**2 + j - 1. Let d be k(-2). Calculate z(d).
17
Let a(z) be the first derivative of z**5/20 - z**4/2 + z**3/3 + 7*z**2/2 - 3*z + 4. Let m(r) be the first derivative of a(r). What is m(5)?
-8
Let t(f) be the second derivative of -f**8/6720 - f**7/1260 + f**6/720 + f**5/120 + f**4/4 - 4*f. Let j(q) be the third derivative of t(q). Calculate j(-2).
-1
Let f(z) = z**2 - 2*z - 4. Let q = -16 - -16. Suppose -13 = -3*t + l, -15 = -5*t - q*l - 5*l. Calculate f(t).
4
Let t(x) = -8*x - x**2 + 6*x + 4 - 2*x**3 - 5. Determine t(-2).
15
Let c = -4 - -2. Let o(u) = -15*u - 7*u - u**2 + 23*u - 3*u. Calculate o(c).
0
Let i be (-36)/3*1/(-3). Suppose -5*g = -k - i*k, 0 = g + 5*k - 18. Let f(a) = -a**3 + 3*a**2 - 2 + 5*a + 0 - 2*a**2. Determine f(g).
-5
Let m be (-25)/3 - (-2)/(-3). Let j be ((-8)/(-6))/((-3)/m). Suppose j = 3*a - 2*a. Let f(t) = t**3 - 4*t**2 - 3*t + 6. Give f(a).
-6
Let m = 119 - 115. Let d(q) = 6*q - 1. Give d(m).
23
Let b(g) = g. Let h(d) = d**2 - 18*d + 80. Let u be h(10). Calculate b(u).
0
Let g(l) be the third derivative of -l**4/24 - 2*l**3/3 - 11*l**2. Determine g(-3).
-1
Let a(h) = 2*h - 47. Let r be a(22). Let p(c) = -3*c - 2. Give p(r).
7
Suppose -3*w = -0*w. Let j(c) = -c - 9. Determine j(w).
-9
Let u(v) = 8*v + 5. Let r(h) = -21*h - 11. Let m(w) = -2*r(w) - 5*u(w). Suppose -j + 3*z + 13 = 6*z, -5*z + 7 = -2*j. What is m(j)?
5
Let a(y) = y**2 + 5*y - 7. Let n(d) = d**2 + 6*d + 2. Let v be n(-4). Determine a(v).
-1
Let r(h) = -2*h**2 - 2*h - 2. Suppose 4*g = -0*m - 2*m - 4, 0 = 4*m - 8. Calculate r(g).
-6
Let l(g) be the second derivative of g**3/3 + g**2 + g. Let v(t) = -3*t - 9. Let n be v(-5). Suppose 3*q - 12 + n = 0. Give l(q).
6
Suppose -2*u + 24 = -4*k + 3*u, 4*k = -2*u - 24. Let o be 2/6 - 16/k. Let w(p) = -o*p - 4 + 0*p + 4*p. Give w(0).
-4
Let o(g) = -3 - g - 4*g + 2*g. What is o(-3)?
6
Suppose 2*z - 12 = 4*z. Let d(o) = -o**2 - 7*o. Let s be d(z). Let y(c) = 8*c - c**3 + 8*c**2 + 3*c**2 - 5 - 6*c**2. Give y(s).
7
Let v(f) = f**2 + 2*f + 1. Let c(w) = -w + 12. Let u be c(14). Let h(a) = 5*a**2 + 7*a + 3. Let r(k) = u*h(k) + 9*v(k). Calculate r(4).
3
Let z(j) = j**2 + 5*j + 4. Let f(i) be the first derivative of -i**3/3 + 7*i**2/2 + 5*i + 2. Let x be f(8). What is z(x)?
-2
Let q(s) be the first derivative of 1 - 4/3*s**3 - s - s**2. Suppose 1 = -t - 0. Give q(t).
-3
Let c(l) = 2*l**2 - 7*l + 15*l + 8 - l**2. Suppose -9*m - 86 = -32. What is c(m)?
-4
Let b(g) = -g**3 + 7*g**2 - 6*g + 4. Suppose -4*t = -0*t - 16. Suppose -3*p + 6*p - t*n - 22 = 0, 35 = 5*p - 5*n. What is b(p)?
4
Let z = 44041/60 - 734. Let s(q) be the third derivative of -5/6*q**3 - 2*q**2 - 1/8*q**4 + 0 + z*q**5 + 0*q. Calculate s(5).
5
Let x(f) = -f**3 - 2*f**2 - 2*f - 3. Let y = 48 + -24. Let z be ((-2)/6)/(4/y). Calculate x(z).
1
Let y(z) be the second derivative of -z**3/6 - 3*z**2/2 - 14*z. Suppose k + 1 = -i, 4*i = -0*i - k - 1. Determine y(i).
-3
Let b(a) = a + 0*a - 15 - 2*a. What is b(0)?
-15
Let k(c) = -c**2 + 2*c - 3. Let l(s) = -s - 6. Let h(m) = m - 12. Let o be h(5). Let y be l(o). Suppose f - 4 = -y. Give k(f).
-6
Let q(i) be the first derivative of -i**6/360 + i**5/20 - 2*i**3/3 - 3. Let l(d) be the third derivative of q(d). Calculate l(5).
5
Suppose -6*d + 8*d = 0. Let i(c) be the second derivative of 1/2*c**4 + d + 1/2*c**2 + 1/6*c**3 - 2*c. What is i(-1)?
6
Let w be -12*((-15)/(-9))/5. Let g(s) = s - 1. Give g(w).
-5
Suppose 1 = 2*n - 3*n. Let m(t) be the third derivative of 0 - 1/6*t**3 + 0*t + 4*t**2 - 3/8*t**4. Calculate m(n).
8
Suppose a - 5 = 0, -7 - 18 = -3*i - 5*a. Suppose 2*b = -l - 2*b - 22, i = -l - b - 10. Let x(q) = -q**3 - 5*q**2 + 6*q + 9. Determine x(l).
9
Let m be 9*(-2)/(-8 + 2). Let o(k) be the third derivative of k**5/60 + k**4/24 - k**3/6 + 2*k**2 + 13. What is o(m)?
11
Let x be (11/22)/((-1)/(-4)). Let o(a) = x*a**2 + 0 - a**2 + 1 - 6. Determine o(0).
-5
Suppose 10 = 5*y, -5*y - 6 = -4*f - 0. Let o(u) = 2*u - 3. What is o(f)?
5
Let m(k) = -k**3 + 4*k**2 + k + 4. Let j = 71 - 68. Determine m(j).
16
Let c(k) = 7*k - 1. Suppose 4*g = 5*v - 5, -3*g - 3*v = -8*g + 10. Let u(n) = 3*n - 1. Let t(s) = g*u(s) - 2*c(s). Give t(-4).
-7
Let x(t) be the first derivative of t**3/3 + 4*t**2 + 2*t + 28. Calculate x(-8).
2
Let i(y) be the first derivative of y**4/6 - y**3/2 - y**2 + 6*y + 13. Let s(m) be the first derivative of i(m). Suppose 6 = -t + 3*t. Give s(t).
7
Let a(v) = -v**3 + 8*v**2 - 6*v - 8. Let t = -1 + 8. What is a(t)?
-1
Let d(k) = k**3 - 5*k**2 + 4*k + 1. Suppose c - 6*c + 20 = 0. Suppose -7 = -c*l + 9. What is d(l)?
1
Suppose -2*k + 3*k = 4. Let p(z) = z**2 + 1. Let a(g) = -4*g**2 + 4. Let u(s) = k*p(s) - a(s). Calculate u(-1).
8
Suppose -g = 5*m + 12, -4*g + 4 = 2*m - 2. Suppose -2*a - 4*r = -20, 3*a = -r + 13 - 3. Let y(v) = v**3 + 3 + 3*v**a + 1 - 5*v - 4*v**2. Calculate y(g).
7
Let v(s) be the third derivative of -s**5/60 + 5*s**4/24 - s**3/3 - s**2. Suppose -2*j + 10 = 0, -3*m + 3*j - 5 = 2*m. Calculate v(m).
4
Let h(d) = -6*d**3 + d + 1. Let m be (-4)/(-14) + 3*24/(-56). Determine h(m).
6
Let a(t) be the third derivative of t**6/720 + t**5/60 - t**4/3 - 7*t**2. Let x(c) be the second derivative of a(c). What is x(3)?
5
Let n(l) = -l - 3. Suppose -9 - 16 = 5*y. Give n(y).
2
Suppose -2*p = 3*q - 3, 3*q = -5*p - q + 11. Let c(y) = 5*y**2 - y**3 - 3*y + 3*y**p + 2 - 2*y**3 - y**3. Suppose -2*i + 8 = -0*i. Calculate c(i).
6
Let t(m) = m**2 - 8*m + 5. Suppose u = 5*u - 40. Suppose 0 = 4*k - 14 - u. Give t(k).
-7
Suppose 0 = -5*y + u - 33, y - 1 = u - 6. Let p(t) be the first derivative of t**4/4 + 7*t**3/3 + t**2 + 10*t - 5. Give p(y).
-4
Let l(w) = -w**3 - 2*w**2 + 2*w - 2. Let f = 7 + 2. Suppose -5*s + 21 = 1. Suppose i - s*i = f. What is l(i)?
1
Let h(u) = u**2 + 5*u - 6. Suppose 0*i + 16 = 2*i. Let z = i + -4. Let q(o) = -o**2 + 2*o + 3. Let t be q(z). Give h(t).
-6
Suppose 2*p + 26 + 14 = 0. Let h be (-1*1)/(4/p). Let g(s) = 2*s**2 + 6*s - 4. Let t(m) = -m**2 + 1. Let f(q) = g(q) + 3*t(q). What is f(h)?
4
Let m(l) = -l - 13. Let v be m(-13). Let k(d) = -d**3 - d**2 - 14. Determine k(v).
-14
Let n(r) = -9*r - 3. Let w(s) be the second derivative of 6*s**3 + 13*s**2/2 - 3*s. Let v(d) = -9*n(d) - 2*w(d). What is v(-1)?
-8
Let c(a) = -a**3 - 2*a**2 - 1. Suppose 2*h - 5*j = -h + 14, 8 = 2*h - 3*j. Give c(h).
-1
Let w(n) = n**3 - n**2 - n. Let o(r) = r**2 - 15*r - 13. Let f be o(16). Give w(f).
15
Let c(u) = -u**2 + 5*u + 7. Let l(n) = -5*n. Let b be l(-1). Determine c(b).
7
Suppose 0 = -k + 3 - 2. Let h(n) = 1 - 2*n**2 + 4*n**2 - 4*n**2. Calculate h(k).
-1
Let j(n) = 7*n - 2. Let x(o) = -4*o + 1. Let r(q) = 6*j(q) + 11*x(q). Give r(-6).
11
Let f(a) = 2*a**2 + 3*a - 19. Let m(s) = s**2 + s - 10. Let i(b) = 3*f(b) - 5*m(b). Let p = 9 - 5. Suppose 0 = 2*c, 0 = -p*l - 5*c + 2*c - 20. Give i(l).
-2
Let i(n) = -n - 15. Let s be i(-8). Let q = s + 3. Let x = q + 9. Let h(w) = -3*w + 6. Give h(x).
-9
Let l(u) = 4*u**2 - 4*u - 5. Let m(c) = 5*c**2 - 5*c - 6. Let x(t) = -6*l(t) + 5*m(t). What is x(1)?
0
Let v(x) = 3*x + 0*x - 6*x +